**3 - 24*m**2 + 52*m + 225. Determine z(21).
-6
Let h(q) = -q + 14. Give h(6).
8
Let z(y) = -3*y + 69. Calculate z(9).
42
Let w(h) = h**2 - 2*h - 6. Calculate w(-5).
29
Let j(a) = -a**3 + 14*a**2 + 12*a + 37. Give j(15).
-8
Let k(y) = -3*y + 2. Give k(3).
-7
Let d(q) = 5*q**3 - q**2 - q - 2. Determine d(2).
32
Let n(f) = -f**3 - 8*f**2 + 9*f + 3. Give n(-9).
3
Let x(t) = 7*t**2 + 3*t + 1. Give x(-2).
23
Let l(n) = -9*n - 304. Calculate l(-40).
56
Let t(u) = u**3 - 5*u**2 - 5*u + 6. What is t(4)?
-30
Let g(s) = -3*s**2 + 3*s + 19. Calculate g(-3).
-17
Let u(l) = l**3 - 7*l**2 + 5*l + 12. Determine u(5).
-13
Let s(u) = -10*u**2 - 47*u - 26. Determine s(-4).
2
Let i(k) = 45*k**2 + 4*k + 1. Give i(1).
50
Let w(g) = -4*g - 7. Give w(-2).
1
Let q(t) = -t**3 + 7*t**2 + 7*t - 7. Determine q(8).
-15
Let q(h) = h**2 - 29*h + 31. Give q(25).
-69
Let o(k) = 5*k + 6. What is o(2)?
16
Let f(r) = 3*r**2 + 11*r - 10. Calculate f(1).
4
Let i(a) = a**2 - 7. Calculate i(3).
2
Let p(u) = u**2 + 20*u + 26. Give p(-19).
7
Let n(m) = 2*m**3 + 2*m**2 - m - 2. Determine n(-1).
-1
Let d(z) = 10*z - 56. Calculate d(6).
4
Let w(p) = -p**2 + 6*p - 3. Determine w(4).
5
Let p(l) = -l**3 - l**2 - 3*l + 3. Give p(-3).
30
Let n(t) = -t**3 + 32*t**2 - 3*t + 101. Calculate n(32).
5
Let u(m) = 12*m - 58. Give u(6).
14
Let n(m) = -m**3 + 5*m**2 + 23*m + 16. What is n(8)?
8
Let o(l) = l**3 - 16*l**2 + 32*l - 68. What is o(14)?
-12
Let n(o) = o**2 + 7*o + 13. What is n(-9)?
31
Let a(h) = -h**3 + 15*h**2 - 26*h + 11. Calculate a(13).
11
Let j(d) = -d**2 + 2*d + 45. Determine j(-6).
-3
Let y(c) = -6*c - 235. Give y(-39).
-1
Let t(c) = -8*c - 298. Determine t(-37).
-2
Let n(w) = -w**3 - 16*w**2 - 19*w - 68. Calculate n(-15).
-8
Let o(g) = g**3 - 35*g**2 - 44*g + 291. What is o(36)?
3
Let z(w) = w**3 + 2*w**2 - 4. What is z(-3)?
-13
Let l(a) = -53*a - 523. Determine l(-10).
7
Let o(u) = u**3 - 26*u**2 - 24*u - 77. Calculate o(27).
4
Let u(f) = -f**3 - f**2 - 2*f + 3. Give u(3).
-39
Let u(l) = -4*l + 6. Calculate u(6).
-18
Let h(p) = 32*p - 27. Calculate h(1).
5
Let w(g) = 23*g - 16. Determine w(1).
7
Let b(l) = -2*l - 13. What is b(-9)?
5
Let d(n) = n**2 + 14*n + 12. Determine d(-13).
-1
Let u(i) = -i**3 + 20*i**2 - i + 21. What is u(20)?
1
Let u(b) = -b**2 + 15*b + 11. Give u(12).
47
Let x(z) = z**3 - 9*z**2 - 11*z + 10. What is x(10)?
0
Let y(n) = -n**2 - 9*n - 15. Determine y(-5).
5
Let r(f) = -17*f + 23. Give r(2).
-11
Let w(y) = -4*y - 2. Determine w(1).
-6
Let w(q) = -74*q + 297. Calculate w(4).
1
Let f(t) = -t**2 + 18*t + 128. What is f(23)?
13
Let c(l) = l**2 + 10*l - 8. What is c(-10)?
-8
Let w(a) = -a**2 - 2*a + 89. What is w(-11)?
-10
Let z(w) = w**3 + 8*w**2 + 20*w + 19. What is z(-8)?
-141
Let s(j) = -2*j**2 + 2*j + 34. Calculate s(0).
34
Let d(t) = -t - 20. Give d(-5).
-15
Let g(s) = -2*s - 5. Calculate g(5).
-15
Let s(r) = r**3 - 11*r**2 + 3*r + 13. Calculate s(11).
46
Let o(d) = -d**2 + 6*d + 16. Determine o(8).
0
Let l(r) = -2*r + 8. Calculate l(0).
8
Let f(m) = -3*m + 6. Determine f(6).
-12
Let a(h) = -5*h + 10. Calculate a(8).
-30
Let u(m) = -49*m + 117. Give u(2).
19
Let q(i) = -i**2 - 3*i + 14. Determine q(-6).
-4
Let w(h) = -8*h - 29. Give w(-5).
11
Let i(r) = -r**3 - 10*r**2 + 9. What is i(-10)?
9
Let q(t) = -6*t - 7. Give q(7).
-49
Let m(i) = 17*i**3 + i**2 - i. Calculate m(1).
17
Let r(i) = i**3 - 5*i**2 - 3*i + 7. Calculate r(6).
25
Let y(a) = -3*a + 29. What is y(12)?
-7
Let j(u) = 2*u**3 + u**2 + 1. What is j(-2)?
-11
Let f(d) = d**2 + 7*d + 3. What is f(-8)?
11
Let q(k) = -k - 2. What is q(-5)?
3
Let z(b) = b**3 - 4*b**2 - 5*b - 6. What is z(5)?
-6
Let w(n) = -4*n + 2. What is w(-1)?
6
Let y(g) = -7*g**3 + 2*g**2 + 2*g - 1. What is y(3)?
-166
Let w(u) = -u**3 - u**2 + 4*u + 8. What is w(-2)?
4
Let w(o) = 2*o**3 - o + 4. Calculate w(0).
4
Let n(h) = h**3 - 3*h**2 + 3*h - 6. Determine n(4).
22
Let i(c) = c**2 + 67*c + 267. Give i(-4).
15
Let d(b) = -2*b**2 + 2*b + 24. What is d(3)?
12
Let j(f) = -33*f + 943. Give j(28).
19
Let g(v) = -16*v**3 + v**2 - v - 1. Calculate g(-1).
17
Let b(q) = q + 12. Give b(0).
12
Let u(h) = h**3 + 13*h**2 - h - 18. What is u(-13)?
-5
Let h(i) = i**3 + 22*i**2 - 24*i - 14. Give h(-23).
9
Let r(t) = -3*t**2 - 7*t + 6. What is r(-3)?
0
Let o(j) = -j**3 + 5*j**2 + 3*j - 4. What is o(3)?
23
Let t(d) = d - 10. Calculate t(18).
8
Let n(c) = c**2 + 25*c + 29. Calculate n(-24).
5
Let q(n) = 63*n**2 - 130*n + 7. Determine q(2).
-1
Let s(q) = -2*q - 14. Give s(15).
-44
Let f(t) = -2*t + 2. What is f(-11)?
24
Let n(u) = 4*u - 12. Give n(4).
4
Let d(i) = -i**3 + 5*i**2 - 4*i + 6. Give d(4).
6
Let l(q) = -q**3 + 5*q**2 - 6*q + 3. Determine l(5).
-27
Let i(v) = 6*v**3 - 3*v - 2. Determine i(-1).
-5
Let n(p) = -2*p**2 + 112*p - 9. Determine n(56).
-9
Let n(f) = 4*f**2 + f - 17. Calculate n(4).
51
Let h(p) = -16*p**3 - 2*p**2 + 2*p + 3. Determine h(-1).
15
Let y(c) = -c - 5. Calculate y(-1).
-4
Let z(j) = 2*j**2 - 31. What is z(6)?
41
Let u(r) = r**2 - 2*r - 5. What is u(-4)?
19
Let n(x) = -x**3 - 11*x**2 - 21*x - 17. What is n(-9)?
10
Let b(k) = -k**3 - 13*k**2 - 43*k + 2. Determine b(-7).
9
Let u(l) = -l**3 + 4*l**2 + 7*l - 7. Give u(5).
3
Let h(v) = v**2 - 3*v - 2. Calculate h(4).
2
Let n(u) = -u**3 + 15*u**2 + 33*u - 22. Give n(17).
-39
Let t(k) = -8*k - 92. Give t(-11).
-4
Let k(v) = -2*v + 24. Calculate k(11).
2
Let w(c) = 3*c + 6. Determine w(10).
36
Let w(z) = -z**3 - z**2 + 5*z + 3. Give w(-3).
6
Let z(t) = -t**2 - 6*t. Determine z(-6).
0
Let v(b) = -b**3 + 15*b**2 + 16*b + 10. Calculate v(16).
10
Let v(y) = y**3 + 11*y**2 + 6*y - 9. What is v(-10)?
31
Let j(w) = -2*w + 24. What is j(6)?
12
Let a(d) = -2*d - 16. Calculate a(-15).
14
Let i(u) = -u**3 + 7*u**2 + 3*u - 61. Give i(5).
4
Let p(g) = -g**3 + 36*g**2 - 37*g + 57. What is p(35)?
-13
Let i(d) = -2*d + 6. Determine i(8).
-10
Let a(m) = 3*m**2 + 3*m - 1. Calculate a(3).
35
Let g(t) = 7*t + 2. Calculate g(-3).
-19
Let o(g) = -12*g - 28. Calculate o(-3).
8
Let y(l) = -l**3 - 8*l**2 + 22*l - 15. Determine y(-11).
106
Let y(m) = 7*m**2 - 4*m - 1. Give y(3).
50
Let o(k) = k**2 - 5*k - 20. Determine o(7).
-6
Let o(v) = v**2 - 7*v - 162. What is o(17)?
8
Let t(u) = -32*u. Give t(1).
-32
Let c(i) = -17*i + 3. Calculate c(2).
-31
Let t(r) = -4*r + 35. What is t(9)?
-1
Let v(r) = 2*r - 3. Calculate v(3).
3
Let h(l) = 2*l - 8. Calculate h(-13).
-34
Let a(r) = -4*r + 34. Determine a(17).
-34
Let m(v) = -v**2 - 16*v - 14. What is m(-13)?
25
Let x(r) = -r**3 + 18*r**2 - 14*r - 35. Calculate x(17).
16
Let x(v) = 13*v**3 - v**2 + v + 1. What is x(-1)?
-14
Let w(s) = -s**3 + 9*s**2 + 20. Determine w(9).
20
Let c(j) = -j**2 + 5*j - 10. Give c(5).
-10
Let v(d) = 114*d**2 + 1. Determine v(1).
115
Let x(f) = -5*f + 29. Give x(6).
-1
Let j(k) = -k**3 + 21*k**2 - 2*k + 45. What is j(21)?
3
Let q(k) = -k**2 - 23. Determine q(0).
-23
Let v(d) = 2*d**2 + 3*d + 2. Give v(-3).
11
Let t(z) = -z**3 - 3*z**2 - 3*z - 8. Determine t(-3).
1
Let o(b) = 20*b - 9. Calculate o(2).
31
Let k(t) = -t**2 + 4*t - 6. Calculate k(7).
-27
Let r(i) = -i**2 - 5*i + 13. What is r(-7)?
-1
Let y(w) = 34*w + 321. What is y(-9)?
15
Let s(b) = -b**2 - b - 3. Give s(-3).
-9
Let d(k) = 22*k - 13. Calculate d(0).
-13
Let l(m) = -m**2 - 2*m + 3. Give l(4).
-21
Let m(l) = 27*l**3 - l**2 + 2*l - 1. Give m(1).
27
Let s(p) = 3*p**2 - 8*p - 1. Calculate s(4).
15
Let v(p) = -p**3 - 6*p**2 - 7*p - 10. Give v(-5).
0
Let h(s) = -7*s**3 - s**2 + 3*s - 1. Calculate h(-2).
45
Let x(m) = -m**3 + 13*m**2 - 13*m - 4. Determine x(12).
-16
Let a(b) = b**3 - 14*b**2 + 2*b + 14. Give a(14).
42
Let u(f) = -f**3 + 5*f**2 - 3. What is u(3)?
15
Let o(x) = x**3 + 10*x**2 + 14*x - 37. Calculate o(-6).
23
Let n(w) = w**2 - 5*w - 5. Give n(3).
-11
Let n(k) = -k**2 - 30*k + 22. What is n(-30)?
22
Let d(r) = 3*r**2 - 22*r + 42. What is d(2)?
10
Let t(l) = 2*l. Calculate t(1).
2
Let m(b) = -6*b - 56. Give m(-9).
-2
Let w(k) = 3*k**3 + 43*k**2 + 14*k + 4. Determine w(-14).
4
Let s(f) = 2*f**2 + 12*f + 4. What is s(-5)?
-6
Let i(j) = -3*j**2 + 4*j - 2. Give i(3).
-17
Let b(o) = -19*o**2 - o. Calculate b(1).
-20
Let z(p) = 16*p - 105. What is z(6)?
-9
Let l(c) = -c**2 - 18*c - 12. Determine l(-16).
20
Let v(h) = h + 18. Determine v(-27).
-9
Let z(v) = -3*v + 2. Deter